(j) = j**2 - 4. Let p be n(0). Let v be 2/(-7) - (-1175)/(-175). Let a = v - p. Give i(a).
-7
Suppose 4*b = -16*u + 15*u + 22, 4*u - 13 = -b. Let y(v) = v**2 - 6*v + 12. Calculate y(b).
7
Suppose -f = -s, -4*s + 5*f + 1 = -0*s. Let c be (0 + s)*(1 + -2). Let d(w) = 0*w**2 - 4*w**2 - 3*w**2. Give d(c).
-7
Let j(f) = -f - 12. Let n be j(0). Let b = 16 + n. Let o(v) = 0*v + b*v - v. Determine o(1).
3
Let w(p) = p**2 - 1554*p**3 - p - 1 + 3107*p**3 - 1548*p**3. Calculate w(-1).
-4
Let y(i) = 5*i. Let d(g) be the third derivative of g**5/60 - 5*g**4/24 + g**3/2 + 3*g**2. Let v be d(5). Suppose 0 = k + 2*k + v. What is y(k)?
-5
Let z(k) = 7*k + 2. Let o = -12 + -18. Let b be 12/o*((-12)/(-3) + 1). Give z(b).
-12
Let n be 40/(-7) - 4/14. Let o(b) = b**3 + 3*b**2 + b - 5. Let l(w) = w**2 + 2*w - w - 2*w**2. Let f(m) = 3*l(m) - o(m). Determine f(n).
-7
Let u(p) be the third derivative of p**5/60 - 11*p**4/24 + 11*p**3/3 - 58*p**2. Give u(9).
4
Let o(r) = -r**3 - 4*r**2 - 2. Let k(c) = -c**2 + 12*c + 9. Let h be 9*((-8)/3)/(-2). Let m be k(h). Suppose -m = -5*j - 29. Calculate o(j).
-2
Let w(a) = -a**3 - 2*a**2 + 3*a - 4. Let d(l) = -17*l - 7*l**2 + 3*l - 1 + 13*l - l**3 - 9. Let k be d(-7). Determine w(k).
-4
Let m(w) = 44*w - 14*w - 22*w + 1. Suppose i - 3 - 1 = 0. Suppose 20 = -i*t - 0*t, 5*t + 30 = -5*h. Determine m(h).
-7
Let g(d) be the first derivative of d**4/4 + d - 725. What is g(1)?
2
Let m = 24 + 56. Let v(i) = 40*i + 36*i - 3 + 4 - m*i. Determine v(-2).
9
Let u = 23 - 21. Let l(q) = q - u*q - 605 + 610. What is l(7)?
-2
Let y(t) = -t - 5. Let z be (-1)/(-2 - 20/(-12)). Suppose -4*i + 4*k = -16 - 4, -z*i = 4*k + 6. Let p = -4 - i. Calculate y(p).
1
Suppose -22 = -9*g - 4. Let o(c) = -c**2 + 5*c**3 - g*c**3 + 2*c - 2*c**3. Suppose 12 = -2*h - 6*z + 2*z, 18 = 3*h - 3*z. Give o(h).
8
Let n(u) = -5*u + 3*u**2 + 2*u**3 - 2*u + 0*u**3 - u**3 + 6*u - 2. Calculate n(2).
16
Let j(v) = -4*v**2 - 2. Suppose -4*p - 2*l + 14 = l, -5*l = -2*p - 6. What is j(p)?
-18
Let x(q) = -25 + 2*q + 9 + 6 + 15. Let y(f) = -f - 5. Let u(l) = 2*x(l) + 3*y(l). Calculate u(6).
1
Let x(z) = 0*z**2 + 4 + 0 + z**2 - 5*z. Suppose 93*l - 233 = 139. Calculate x(l).
0
Let r(h) = 3*h + 1. Let y(a) = 3. Let o(i) = 2*r(i) - y(i). Calculate o(-4).
-25
Let d(g) = 1. Suppose 2*s - 4*s - 2 = 0. Let o(x) = -2*x - 2. Let h(f) = s*o(f) - 5*d(f). Suppose 0 = -2*t + 3*p - 3, 6 = -t - 5*p - 2. Give h(t).
-9
Let w(x) = -16*x + 5. Let n(g) = 7*g - 2. Let p(u) = 7*n(u) + 3*w(u). Let y(l) = -l**2. Let j(r) = r. Let m be j(2). Let s be y(m). What is p(s)?
-3
Let o(p) be the second derivative of -p**4/12 - 7*p**3/6 - 4*p**2 + p. Let d be 16/(-3) - 4/6. Calculate o(d).
-2
Let o(j) = j**3 + j**3 - 5 + 2*j - 4 + 8. Let c be (0 + (1 - 0))*7. Let m(y) = -y**3 + 8*y**2 - 6*y - 6. Let i be m(c). What is o(i)?
3
Let p(x) be the first derivative of -x**3/3 - 3*x**2/2 + 6*x - 237. Determine p(0).
6
Let h(y) = -3*y - 8*y - 7*y + 2*y. What is h(1)?
-16
Let v be (-4)/(2 + 51/(-12) - -2). Let i(q) = q**3 - 17*q**2 + 15*q + 22. Give i(v).
6
Let g(j) = 12*j - 337. Let a be g(28). Let m(k) = -4*k + 1. Calculate m(a).
5
Let d(x) be the third derivative of -x**4/24 - 3*x**2 + 27*x. Give d(-1).
1
Let k be 18/(-3)*(-4)/(-6). Let u(f) be the second derivative of 1/3*f**3 - 2*f**2 + 5/12*f**4 + 1/20*f**5 + 0 + 19*f. Determine u(k).
4
Let g(f) = -4*f**2 + 7*f + 7. Let h(r) = 3*r**2 - 6*r - 5. Let p be (-63)/6*(-4)/(-6) - -2. Let a(o) = p*h(o) - 4*g(o). Give a(2).
5
Let m(s) = 10*s - 30. Let f(l) = 8*l - 29. Let p(y) = -6*f(y) + 5*m(y). What is p(-12)?
0
Let l(j) = -j**2 + 23*j - 16. Let n = -1499 - -1521. Determine l(n).
6
Let l(s) = s**3 - 7*s**2 + 5*s - 5. Let t be l(6). Let v(b) = b**3 + 10*b**2 - 12*b - 7. Determine v(t).
4
Let v(u) be the second derivative of u**4/12 + 4*u**3/3 - 5*u**2 - 20*u + 2. What is v(-8)?
-10
Suppose -11*i = -82 + 93. Let k(z) = -5*z - 1. Let b(t) = -5*t - 1. Suppose 2*q - q = 5. Let m(r) = q*b(r) - 6*k(r). Determine m(i).
-4
Let n be 3/(-12)*4 - -1. Let a(f) be the third derivative of 1/8*f**4 - 5*f**2 + 0 + n*f + 3/2*f**3. Determine a(-6).
-9
Let d(i) = i - 1. Let k(f) = -1. Let r(z) = 4*d(z) - k(z). Suppose l - 28 = -80. Let p be 16/(-6)*39/l. Determine r(p).
5
Let z(n) = 9*n - 3. Let i(y) = -y**3 + 8*y**2 + 8*y + 12. Let r be i(9). Let h(g) = -7*g - 5*g - r*g + 2*g + 5. Let q(p) = 5*h(p) + 8*z(p). Calculate q(1).
8
Let s(r) be the first derivative of -r**2/2 + 3*r + 176. Let j be ((-8)/10)/(1/(-5)). Determine s(j).
-1
Suppose -4*x = 6 + 10. Let t(s) = -s**2 - 4*s - 2. Determine t(x).
-2
Let k(c) = -c**2 - c + 1. Let t(g) = -g**3 - g**2 + 3*g - 10. Let s(q) = -4*k(q) - t(q). Suppose 17 = -4*j + 9. Let x be 4 + 18*j/4. Calculate s(x).
1
Let t(g) be the third derivative of -g**5/60 + g**4/3 - 2*g**3/3 + 107*g**2 - 2. Let v(o) = 2*o - 4. Let d be v(4). Let p = 0 + d. Give t(p).
12
Let c(f) = 21 - 19 + 3 - 2*f + 5. Calculate c(7).
-4
Let j = -1100 + 1105. Let c(d) = d**3 - 7*d**2 + 3*d + 7. Give c(j).
-28
Let d(q) be the third derivative of -q**4/4 + 2*q**3/3 - 3*q**2. Let j(v) = -2*v + 1. Let p(z) = 4*d(z) - 11*j(z). Suppose -x = -1 - 3. Give p(x).
-3
Let i(m) = m**2 - 2. Let r = -351 + 349. Give i(r).
2
Let g(a) = -a**2 - 18*a + 45. Let p be g(-20). Let x be (-2)/(48/(-6)) + p/(-4). Let m(o) = 8*o + 1. Give m(x).
-7
Let k = 9 - 4. Suppose -3*r + 158 = -2*w, 0*w + r + 429 = -k*w. Let v be w/25 - (-4)/10. Let a(x) = x**3 + 2*x**2 + 3*x + 3. Determine a(v).
-15
Let j be 18*(-4)/40*-5. Let w(f) = 330*f - 164*f + 14 - 165*f - 7. What is w(j)?
16
Let n(o) = 2*o - 15. Let d = 2098 - 2093. What is n(d)?
-5
Let b(f) be the third derivative of -1/8*f**4 - 14*f**2 + 0*f + 0 + 4/3*f**3. What is b(7)?
-13
Let w(g) be the first derivative of g**2/2 - 9*g - 215. Calculate w(10).
1
Let m be (-10 - -12)*(-6)/4. Let k(i) = -i + 4. What is k(m)?
7
Suppose 13*s - 402 = -467. Let p(x) = -x**3 - 4*x**2 + 12*x. Calculate p(s).
-35
Let u(k) = -k**3 + 17*k**2 - 6. Let p be u(17). Let m be -1*(-3)/p*-10. Let b(j) = -3 - 4*j**2 - 1 + 3*j**2 + 5*j. Calculate b(m).
-4
Let j(u) = 53650*u - 53650*u + 1 + 6*u**2. What is j(-1)?
7
Let f(q) = -2*q + 1213 - 1213. Suppose 0 = 4*a + 2*a + 18. Determine f(a).
6
Let z(c) be the second derivative of 0 + 2*c**2 + 3/2*c**3 + 1/12*c**4 - 56*c. Give z(-7).
-10
Let v be (13/(-2) + 3)*2. Let r(g) = g**3 + 8*g**2 + 6*g - 7. Give r(v).
0
Let t(l) = -4*l + 1. Let r be -1 - (-6)/(-2) - -7. Suppose 2*v + 25 = -3*m, -r*v = -m - 2*m. What is t(v)?
21
Let f(q) be the third derivative of -q**7/5040 - q**6/720 - 13*q**5/60 + 23*q**2. Let y(r) be the third derivative of f(r). Calculate y(0).
-1
Suppose b = a - 2, -2*b + 3*a - 5 = 1. Suppose b = -3*h + 2*t + 9 - 4, -h + 4*t = 5. Let g(j) = -j**3 + 2*j**2 + 5*j - 2. Give g(h).
4
Suppose 68 = 3*a - 13. Let x be 6/a + 4/(-18). Let r(y) = -2 + 1 + x - 2*y. Give r(1).
-3
Let m(u) = 33 + 233*u**2 - 224*u**2 + 0*u**3 - u**3 - 19 - 16*u. Calculate m(7).
0
Let y(i) = -10*i. Let h = 68 + -68. Suppose -7*k + 10*k + 3 = h. What is y(k)?
10
Suppose 2*i - 13 = -5. Let f(j) be the third derivative of j**6/120 - j**5/12 + j**4/8 - j**3 + j**2 + 5. Determine f(i).
-10
Let k be (-12)/4 - 3 - -11. Let t(q) = -2*q**2 + 5*q + 7. What is t(k)?
-18
Let a(o) = 3*o + 6. Let k = -5 + 3. Let q(j) be the second derivative of -7*j**3/6 - 11*j**2/2 - 21*j. Let d(t) = k*q(t) - 5*a(t). Calculate d(-4).
-4
Let k(u) = -2*u + 3. Let o(y) be the third derivative of 0*y + y**2 + 0 + 1/24*y**4 + 11/6*y**3. Let m be o(-9). Calculate k(m).
-1
Let m(u) be the third derivative of u**7/5040 - u**6/144 - 11*u**5/60 + 6*u**2. Let w(n) be the third derivative of m(n). Calculate w(9).
4
Let t(v) be the third derivative of -3*v**4/4 - v**3/6 + 107*v**2. Give t(1).
-19
Let f(p) be the second derivative of p**5/20 + p**4/2 + p**3/2 + 9*p**2/2 + 42*p - 2. Give f(-6).
-9
Let h(d) be the first derivative of 1/24*d**4 - 6 - 3/2*d**2 + 0*d - 1/120*d**6 - 2/3*d**3 + 0*d**5. Let q(v) be the second derivative of h(v). Determine q(0).
-4
Suppose 6*x - 3*r = 3*x + 3, 2*x = -r - 4. Let j(v) = -10*v. Determine j(x).
10
Let y(g) = -2*g**3 + 3*g**2 + 3*g - 4. Let m be (11/(-165) + 4/10)*3. Let f be m - (-2 - 0/(-2 - 1)). What is y(f)?
-22
Let k(i) = -24*i - 6. Let b(r) = -22*r - 4. Let f(y) = -6*b(y) + 5